{"id":896,"date":"2021-08-31T16:42:39","date_gmt":"2021-08-31T16:42:39","guid":{"rendered":"http:\/\/dummy.xtemos.com\/woodmart2\/elementor\/?page_id=896"},"modified":"2026-01-03T16:56:41","modified_gmt":"2026-01-03T16:56:41","slug":"home-minimalism","status":"publish","type":"page","link":"https:\/\/alimertseker.com.tr\/","title":{"rendered":"Home Minimalism"},"content":{"rendered":"\t\t<div data-elementor-type=\"wp-page\" data-elementor-id=\"896\" class=\"elementor elementor-896\">\n\t\t\t\t<div class=\"wd-negative-gap elementor-element elementor-element-2f1c36d wd-section-stretch-content e-flex e-con-boxed e-con e-parent\" data-id=\"2f1c36d\" data-element_type=\"container\">\n\t\t\t\t\t<div class=\"e-con-inner\">\n\t\t\t\t<div class=\"elementor-element elementor-element-9348188 elementor-widget elementor-widget-heading\" data-id=\"9348188\" data-element_type=\"widget\" data-widget_type=\"heading.default\">\n\t\t\t\t\t<h2 class=\"elementor-heading-title elementor-size-default\">AL\u0130 MERT \u015eEKER<\/h2>\t\t\t\t<\/div>\n\t\t\t\t\t<\/div>\n\t\t\t\t<\/div>\n\t\t<div class=\"wd-negative-gap elementor-element elementor-element-996b6e2 e-flex e-con-boxed e-con e-parent\" data-id=\"996b6e2\" data-element_type=\"container\">\n\t\t\t\t\t<div class=\"e-con-inner\">\n\t\t\t\t<div class=\"elementor-element elementor-element-c4934df elementor-widget elementor-widget-wd_text_block\" data-id=\"c4934df\" data-element_type=\"widget\" data-widget_type=\"wd_text_block.default\">\n\t\t\t\t<div class=\"elementor-widget-container\">\n\t\t\t\t\t\t\t<div class=\"wd-text-block reset-last-child text-left\">\n\t\t\t\n\t\t\t<p>Merhaba ben ayd\u0131n adnan menderes \u00fcniversitesi bilgisayar programc\u0131l\u0131\u011f\u0131 2.s\u0131n\u0131f \u00f6\u011frencisiyim.Bu website \u00f6dev ama\u00e7l\u0131d\u0131r<\/p>\n\t\t\t\t\t<\/div>\n\t\t\t\t\t\t<\/div>\n\t\t\t\t<\/div>\n\t\t\t\t\t<\/div>\n\t\t\t\t<\/div>\n\t\t<div class=\"wd-negative-gap elementor-element elementor-element-d76e0a0 e-flex e-con-boxed e-con e-parent\" data-id=\"d76e0a0\" data-element_type=\"container\">\n\t\t\t\t\t<div class=\"e-con-inner\">\n\t\t\t\t<div class=\"elementor-element elementor-element-f6f0029 elementor-widget elementor-widget-image\" data-id=\"f6f0029\" data-element_type=\"widget\" data-widget_type=\"image.default\">\n\t\t\t\t\t\t\t\t\t\t\t\t\t\t\t<img loading=\"lazy\" decoding=\"async\" width=\"700\" height=\"800\" src=\"https:\/\/alimertseker.com.tr\/wp-content\/uploads\/2021\/10\/minimalism-product-13-1.jpg\" class=\"attachment-large size-large wp-image-4570\" alt=\"\" \/>\t\t\t\t\t\t\t\t\t\t\t\t\t\t\t<\/div>\n\t\t\t\t\t<\/div>\n\t\t\t\t<\/div>\n\t\t\t\t<\/div>\n\t\t","protected":false},"excerpt":{"rendered":"<p>AL\u0130 MERT \u015eEKER Merhaba ben ayd\u0131n adnan menderes \u00fcniversitesi bilgisayar programc\u0131l\u0131\u011f\u0131 2.s\u0131n\u0131f \u00f6\u011frencisiyim.Bu website \u00f6dev ama\u00e7l\u0131d\u0131r<\/p>\n","protected":false},"author":1,"featured_media":0,"parent":0,"menu_order":0,"comment_status":"closed","ping_status":"closed","template":"","meta":{"footnotes":""},"class_list":["post-896","page","type-page","status-publish","hentry"],"_links":{"self":[{"href":"https:\/\/alimertseker.com.tr\/index.php?rest_route=\/wp\/v2\/pages\/896","targetHints":{"allow":["GET"]}}],"collection":[{"href":"https:\/\/alimertseker.com.tr\/index.php?rest_route=\/wp\/v2\/pages"}],"about":[{"href":"https:\/\/alimertseker.com.tr\/index.php?rest_route=\/wp\/v2\/types\/page"}],"author":[{"embeddable":true,"href":"https:\/\/alimertseker.com.tr\/index.php?rest_route=\/wp\/v2\/users\/1"}],"replies":[{"embeddable":true,"href":"https:\/\/alimertseker.com.tr\/index.php?rest_route=%2Fwp%2Fv2%2Fcomments&post=896"}],"version-history":[{"count":6,"href":"https:\/\/alimertseker.com.tr\/index.php?rest_route=\/wp\/v2\/pages\/896\/revisions"}],"predecessor-version":[{"id":29025,"href":"https:\/\/alimertseker.com.tr\/index.php?rest_route=\/wp\/v2\/pages\/896\/revisions\/29025"}],"wp:attachment":[{"href":"https:\/\/alimertseker.com.tr\/index.php?rest_route=%2Fwp%2Fv2%2Fmedia&parent=896"}],"curies":[{"name":"wp","href":"https:\/\/api.w.org\/{rel}","templated":true}]}}